{"id":2320,"date":"2017-09-13T10:53:18","date_gmt":"2017-09-13T10:53:18","guid":{"rendered":"https:\/\/abamobile.com\/web\/?page_id=2320"},"modified":"2024-04-24T14:35:07","modified_gmt":"2024-04-24T12:35:07","slug":"politica-de-calidad","status":"publish","type":"page","link":"https:\/\/abamobile.com\/web\/politica-de-calidad\/","title":{"rendered":"Pol\u00edtica de calidad y seguridad"},"content":{"rendered":"<h1>Pol\u00edtica de calidad y seguridad de la informaci\u00f3n<\/h1>\n<p><b>ABAMOBILE<\/b><span style=\"font-weight: 400;\"> es una Empresa Innovadora de Base Tecnol\u00f3gica ubicada en Asturias especializada en el desarrollo de software y consultor\u00eda. Fundada en 2012, especializada en el canal m\u00f3vil para empresas, en particular en la gesti\u00f3n y desarrollo de proyectos de movilidad empresariales donde la complejidad t\u00e9cnica es un aspecto clave, as\u00ed como la integraci\u00f3n con otros sistemas y tecnolog\u00edas factores determinantes.\u00a0\u00a0<\/span><\/p>\n<p><span style=\"font-weight: 400;\">La empresa est\u00e1 <strong><span style=\"color: #333333;\">especializada en el desarrollo de aplicaciones m\u00f3viles a medida y de soluciones que utilicen aplicaciones y tecnolog\u00edas m\u00f3viles<\/span><\/strong>. ABAMobile desarrolla soluciones de software sobre dispositivos m\u00f3viles en las plataformas actuales (Android e iOS, en un 90%), generalmente proyectos llave en mano donde se desarrollan soluciones 100% adaptadas a las necesidades del cliente.\u00a0\u00a0<\/span><\/p>\n<p><span style=\"font-weight: 400;\">Nuestros servicios incluyen la consultor\u00eda y planificaci\u00f3n estrat\u00e9gica de movilidad alineada con el plan estrat\u00e9gico de la empresa, el desarrollo de aplicaciones para dispositivos m\u00f3viles y especializaci\u00f3n en proyectos con tecnolog\u00eda NFC.\u00a0<\/span><\/p>\n<p><span style=\"font-weight: 400;\">Para mejorar de manera continua nuestros servicios, mantenemos implantado un Sistema de Gesti\u00f3n Integrado de Calidad y Seguridad de la informaci\u00f3n, fundamentado en:<\/span><\/p>\n<ol>\n<li><span style=\"font-weight: 400;\">Los principios de la calidad y nuestros valores corporativos, motor de toda nuestra actividad. Bas\u00e1ndonos en los siguientes pilares estrat\u00e9gicos:<\/span><\/li>\n<\/ol>\n<ul>\n<li><span style=\"font-weight: 400;\">Asegurar el cumplimiento de todos los requisitos aplicables, as\u00ed como aquellos que podamos suscribir con todos nuestros grupos de inter\u00e9s y, en especial, garantizar la satisfacci\u00f3n de nuestros clientes.<\/span><\/li>\n<li style=\"font-weight: 400;\" aria-level=\"1\"><span style=\"font-weight: 400;\">Garantizar un servicio de calidad en todos los niveles apoyado en una gesti\u00f3n transparente, una actitud socialmente responsable y resultados de solvencia.\u00a0<\/span><\/li>\n<li style=\"font-weight: 400;\" aria-level=\"1\"><span style=\"font-weight: 400;\">Mejorar de manera continua tanto la calidad de nuestros servicios como la manera en que gestionamos nuestra actividad, siendo cada vez m\u00e1s eficientes.<\/span><\/li>\n<li style=\"font-weight: 400;\" aria-level=\"1\"><span style=\"font-weight: 400;\">Hacer part\u00edcipes de nuestra visi\u00f3n a todos nuestros grupos de inter\u00e9s, estableciendo canales de comunicaci\u00f3n eficaces y logrando aunar esfuerzos para alcanzar nuestros objetivos y metas, todo ello bajo el principio de trabajo en equipo.<\/span><\/li>\n<li style=\"font-weight: 400;\" aria-level=\"1\"><span style=\"font-weight: 400;\">Mejorar nuestra competitividad generando confianza en nuestros clientes.<\/span><\/li>\n<\/ul>\n<p><span style=\"font-weight: 400;\">\u00a0 \u00a0 \u00a0 2. Reconocer a la informaci\u00f3n como un activo fundamental y estrat\u00e9gico para el desarrollo de las actividades, en donde la protecci\u00f3n y seguridad de la informaci\u00f3n y el conocimiento generado tiene una importancia primordial. Comprometi\u00e9ndonos a:<\/span><\/p>\n<ul>\n<li style=\"font-weight: 400;\" aria-level=\"1\"><span style=\"font-weight: 400;\">Priorizar la satisfacci\u00f3n y el cumplimiento de los requisitos del cliente, en materia de seguridad de la informaci\u00f3n, interpretando sus necesidades y disponiendo de los recursos necesarios<\/span><\/li>\n<li style=\"font-weight: 400;\" aria-level=\"1\"><span style=\"font-weight: 400;\">Promover el compromiso con la Seguridad de la Informaci\u00f3n, facilitando la participaci\u00f3n y valorando todos los aportes innovadores del personal y de todas las partes interesadas<\/span><\/li>\n<li style=\"font-weight: 400;\" aria-level=\"1\"><span style=\"font-weight: 400;\">Mejorar continuamente la eficacia del Sistema de Gesti\u00f3n de Seguridad de la Informaci\u00f3n, con el objeto de aumentar nuestra competitividad en el mercado, a trav\u00e9s de la utilizaci\u00f3n de herramientas de control de procesos, auditorias, an\u00e1lisis de riesgos, capacitaciones y la concienciaci\u00f3n del uso de las herramientas<\/span><\/li>\n<li style=\"font-weight: 400;\" aria-level=\"1\"><span style=\"font-weight: 400;\">Preservar las propiedades de confidencialidad, integridad y disponibilidad de la informaci\u00f3n, protegi\u00e9ndola contra amenazas internas, externas, accidentales o deliberadas, mediante la implementaci\u00f3n de pr\u00e1cticas de gesti\u00f3n tendientes a dar tratamiento a los riesgos sobre esta y llevarlos a los niveles aceptables definidos\u00a0<\/span><\/li>\n<li style=\"font-weight: 400;\" aria-level=\"1\"><span style=\"font-weight: 400;\">Garantizar que toda la actividad de nuestra empresa, se desarrolle bajo los requisitos legales o reglamentarios y las obligaciones de seguridad contractuales.<\/span><\/li>\n<\/ul>\n<p><span style=\"font-weight: 400;\">Este documento y toda la documentaci\u00f3n relacionada ser\u00e1n distribuidos por los canales adecuados y en base a la necesidad del conocimiento a todas las partes interesadas.<\/span><\/p>\n<p>&nbsp;<\/p>\n<p>Gerencia<\/p>\n<p>En Llanera, a 23\/02\/2022<\/p>\n","protected":false},"excerpt":{"rendered":"<p>Pol\u00edtica de calidad y seguridad de la informaci\u00f3n ABAMOBILE es una Empresa Innovadora de Base Tecnol\u00f3gica ubicada en Asturias especializada en el desarrollo de software y consultor\u00eda. Fundada en 2012, especializada en el canal m\u00f3vil para empresas, en particular en la gesti\u00f3n y desarrollo de proyectos de movilidad empresariales donde la complejidad t\u00e9cnica es un [&hellip;]<\/p>\n","protected":false},"author":1,"featured_media":0,"parent":0,"menu_order":0,"comment_status":"closed","ping_status":"closed","template":"","meta":{"footnotes":""},"class_list":["post-2320","page","type-page","status-publish","hentry"],"_links":{"self":[{"href":"https:\/\/abamobile.com\/web\/wp-json\/wp\/v2\/pages\/2320","targetHints":{"allow":["GET"]}}],"collection":[{"href":"https:\/\/abamobile.com\/web\/wp-json\/wp\/v2\/pages"}],"about":[{"href":"https:\/\/abamobile.com\/web\/wp-json\/wp\/v2\/types\/page"}],"author":[{"embeddable":true,"href":"https:\/\/abamobile.com\/web\/wp-json\/wp\/v2\/users\/1"}],"replies":[{"embeddable":true,"href":"https:\/\/abamobile.com\/web\/wp-json\/wp\/v2\/comments?post=2320"}],"version-history":[{"count":0,"href":"https:\/\/abamobile.com\/web\/wp-json\/wp\/v2\/pages\/2320\/revisions"}],"wp:attachment":[{"href":"https:\/\/abamobile.com\/web\/wp-json\/wp\/v2\/media?parent=2320"}],"curies":[{"name":"wp","href":"https:\/\/api.w.org\/{rel}","templated":true}]}}