{"id":2171,"date":"2016-12-21T09:12:18","date_gmt":"2016-12-21T09:12:18","guid":{"rendered":"https:\/\/abamobile.com\/web\/?page_id=2171"},"modified":"2021-02-03T13:08:47","modified_gmt":"2021-02-03T12:08:47","slug":"politica-privacidad-apps-moviles","status":"publish","type":"page","link":"https:\/\/abamobile.com\/web\/politica-privacidad-apps-moviles\/","title":{"rendered":"Pol\u00edtica Privacidad Apps M\u00f3viles"},"content":{"rendered":"<p><!--:en--><\/p>\n<ul>\n<li><strong>Denominaci\u00f3n Social:<\/strong> ABAMobile Solutions S.L.U.<\/li>\n<li><strong>Nombre Comercial:<\/strong> ABAMobile<\/li>\n<li><strong>Domicilio Social:<\/strong> Edificio CEEI. Parque Tecnol\u00f3gico de Asturias. 33428 Llanera<\/li>\n<li><strong>CIF:<\/strong> B-74336124<\/li>\n<li><strong>Tel\u00e9fono:<\/strong> 985 98 00 98<\/li>\n<li><strong>e-Mail:<\/strong> info@abamobile.com<\/li>\n<li><strong>Inscrita en el Registro:<\/strong> Registro Mercantil de Asturias<\/li>\n<li><strong>Nombre de dominio:<\/strong> www.abamobile.com<\/li>\n<\/ul>\n<p style=\"text-align: justify;\">De conformidad con lo dispuesto en la Ley Org\u00e1nica 15\/1999, de Protecci\u00f3n de Datos de Car\u00e1cter Personal (LOPD) y su normativa de desarrollo, el responsable de la aplicaci\u00f3n m\u00f3vil, en cumplimiento de lo dispuesto en el art. 5 y 6 de la LOPD, informa a todos los usuarios de la aplicaci\u00f3n m\u00f3vil que faciliten o vayan a facilitar sus datos personales, que estos ser\u00e1n incorporados en un fichero automatizado que se encuentra debidamente inscrito en la <strong>Agencia Espa\u00f1ola de Protecci\u00f3n de Datos con n\u00famero de registro 2123610079.<\/strong><\/p>\n<p style=\"text-align: justify;\">Los usuarios, aceptan expresamente y de forma libre e inequ\u00edvoca que sus datos personales sean tratados por parte del prestador para realizar las siguientes acciones:<\/p>\n<ul>\n<li><span style=\"text-align: justify;\">Remisi\u00f3n de comunicaciones comerciales publicitarias por e-mail, fax, SMS, MMS, PUSH, comunidades sociales o cualesquier otro medio electr\u00f3nico o f\u00edsico, presente o futuro, que posibilite realizar comunicaci\u00f3n comerciales. Dichas comunicaciones comerciales ser\u00e1n relacionadas sobre productos o servicios ofrecidos por el prestador, as\u00ed como por parte de los colaboradores o partners con los que \u00e9ste hubiera alcanzado alg\u00fan acuerdo de promoci\u00f3n comercial entre sus clientes. En este caso, los terceros nunca tendr\u00e1n acceso a los datos personales. En todo caso las comunicaciones comerciales ser\u00e1n realizadas por parte del prestador y ser\u00e1n de productos y servicios relacionados con el sector del prestador.<\/span><\/li>\n<li><span style=\"text-align: justify;\">Realizar estudios estad\u00edsticos.<\/span><\/li>\n<li><span style=\"text-align: justify;\">Tramitar encargos, solicitudes o cualquier tipo de petici\u00f3n que sea realizada por el usuario a trav\u00e9s de cualquiera de las formas de contacto que se ponen a disposici\u00f3n del usuario en la aplicaci\u00f3n m\u00f3vil.<\/span><\/li>\n<\/ul>\n<p style=\"text-align: justify;\">El prestador informa y garantiza expresamente a los usuarios que sus datos personales no ser\u00e1n cedidos en ning\u00fan caso a terceras compa\u00f1\u00edas, y que siempre que fuera a realizarse alg\u00fan tipo de cesi\u00f3n de datos personales, de forma previa, se solicitar\u00eda el consentimiento expreso, informado, e inequ\u00edvoco por parte de los titulares.<\/p>\n<p style=\"text-align: justify;\"><strong>El prestador garantiza en todo caso al usuario el ejercicio de los derechos de acceso, rectificaci\u00f3n, cancelaci\u00f3n, informaci\u00f3n y oposici\u00f3n,<\/strong> en los t\u00e9rminos dispuestos en la legislaci\u00f3n vigente. Por ello, de conformidad con lo dispuesto en la Ley Org\u00e1nica 15\/1999, de Protecci\u00f3n de Datos de Car\u00e1cter Personal (LOPD) podr\u00e1 ejercer sus derechos remitiendo una solicitud expresa, junto a una copia de su DNI, a trav\u00e9s de los siguientes medios:<\/p>\n<ul>\n<li>\u00a0<strong>E-Mail: info@abamobile.com<\/strong><\/li>\n<li><strong>Correo Postal: Edificio CEEI. Parque Tecnol\u00f3gico de Asturias 33428 Llanera Asturias.<\/strong><\/li>\n<\/ul>\n<p><strong>\u00a0<\/strong><\/p>\n<p style=\"text-align: justify;\">Del mismo modo, el usuario podr\u00e1 darse de baja de cualquiera de los servicios de suscripci\u00f3n facilitados haciendo clic en el apartado darse de baja de todos los correos electr\u00f3nicos remitidos por parte del prestador.<\/p>\n<p style=\"text-align: justify;\">Del mismo modo, el prestador ha adoptado todas las medidas t\u00e9cnicas y de organizaci\u00f3n necesarias para garantizar la seguridad e integridad de los datos de car\u00e1cter personal que trate, as\u00ed como para evitar su p\u00e9rdida, alteraci\u00f3n y\/o acceso por parte de terceros no autorizados.<\/p>\n<p><!--:--><\/p>\n","protected":false},"excerpt":{"rendered":"<p>Denominaci\u00f3n Social: ABAMobile Solutions S.L.U. Nombre Comercial: ABAMobile Domicilio Social: Edificio CEEI. Parque Tecnol\u00f3gico de Asturias. 33428 Llanera CIF: B-74336124 Tel\u00e9fono: 985 98 00 98 e-Mail: info@abamobile.com Inscrita en el Registro: Registro Mercantil de Asturias Nombre de dominio: www.abamobile.com De conformidad con lo dispuesto en la Ley Org\u00e1nica 15\/1999, de Protecci\u00f3n de Datos de Car\u00e1cter [&hellip;]<\/p>\n","protected":false},"author":1,"featured_media":0,"parent":0,"menu_order":0,"comment_status":"closed","ping_status":"closed","template":"","meta":{"footnotes":""},"class_list":["post-2171","page","type-page","status-publish","hentry"],"_links":{"self":[{"href":"https:\/\/abamobile.com\/web\/wp-json\/wp\/v2\/pages\/2171","targetHints":{"allow":["GET"]}}],"collection":[{"href":"https:\/\/abamobile.com\/web\/wp-json\/wp\/v2\/pages"}],"about":[{"href":"https:\/\/abamobile.com\/web\/wp-json\/wp\/v2\/types\/page"}],"author":[{"embeddable":true,"href":"https:\/\/abamobile.com\/web\/wp-json\/wp\/v2\/users\/1"}],"replies":[{"embeddable":true,"href":"https:\/\/abamobile.com\/web\/wp-json\/wp\/v2\/comments?post=2171"}],"version-history":[{"count":0,"href":"https:\/\/abamobile.com\/web\/wp-json\/wp\/v2\/pages\/2171\/revisions"}],"wp:attachment":[{"href":"https:\/\/abamobile.com\/web\/wp-json\/wp\/v2\/media?parent=2171"}],"curies":[{"name":"wp","href":"https:\/\/api.w.org\/{rel}","templated":true}]}}