{"id":1103,"date":"2014-05-15T14:00:03","date_gmt":"2014-05-15T14:00:03","guid":{"rendered":"http:\/\/10.0.112.108\/wordpress\/?page_id=1103"},"modified":"2024-04-24T15:16:52","modified_gmt":"2024-04-24T13:16:52","slug":"nfc-conoce-la-tecnologia-nfc","status":"publish","type":"page","link":"https:\/\/abamobile.com\/web\/nfc-conoce-la-tecnologia-nfc\/","title":{"rendered":"NFC. Conoce la tecnolog\u00eda NFC"},"content":{"rendered":"\n<style type=\"text\/css\" data-created_by=\"avia_inline_auto\" id=\"style-css-av-lt5i8l9b-de2d21a9c817a47d837f6661ca836fda\">\n.avia-section.av-lt5i8l9b-de2d21a9c817a47d837f6661ca836fda .av-parallax .av-parallax-inner{\nbackground-repeat:no-repeat;\nbackground-image:url(https:\/\/abamobile.com\/web\/wp-content\/uploads\/2024\/02\/tecnologia-nfc.jpg);\nbackground-position:50% 50%;\nbackground-attachment:scroll;\n}\n.avia-section.av-lt5i8l9b-de2d21a9c817a47d837f6661ca836fda .av-section-color-overlay{\nopacity:0.5;\nbackground-color:#000000;\n}\n<\/style>\n<div id='av_section_1'  class='avia-section av-lt5i8l9b-de2d21a9c817a47d837f6661ca836fda main_color avia-section-default avia-no-border-styling  avia-builder-el-0  el_before_av_one_third  avia-builder-el-first  av-parallax-section avia-bg-style-parallax av-section-color-overlay-active container_wrap fullsize'  data-section-bg-repeat='no-repeat'><div class='av-parallax' data-avia-parallax-ratio='0.3' ><div class='av-parallax-inner main_color avia-full-stretch'><\/div><\/div><div class='av-section-color-overlay-wrap'><div class=\"av-section-color-overlay\"><\/div><div class='container av-section-cont-open' ><main  role=\"main\" itemprop=\"mainContentOfPage\"  class='template-page content  av-content-full alpha units'><div class='post-entry post-entry-type-page post-entry-1103'><div class='entry-content-wrapper clearfix'>\n\n<style type=\"text\/css\" data-created_by=\"avia_inline_auto\" id=\"style-css-av-nio4sv-73577b4acbf85a30bd08a3ee16b11b9d\">\n#top .av-special-heading.av-nio4sv-73577b4acbf85a30bd08a3ee16b11b9d{\npadding-bottom:5px;\ncolor:#ffffff;\nfont-size:20px;\n}\nbody .av-special-heading.av-nio4sv-73577b4acbf85a30bd08a3ee16b11b9d .av-special-heading-tag .heading-char{\nfont-size:25px;\n}\n#top #wrap_all .av-special-heading.av-nio4sv-73577b4acbf85a30bd08a3ee16b11b9d .av-special-heading-tag{\nfont-size:20px;\n}\n.av-special-heading.av-nio4sv-73577b4acbf85a30bd08a3ee16b11b9d .special-heading-inner-border{\nborder-color:#ffffff;\n}\n.av-special-heading.av-nio4sv-73577b4acbf85a30bd08a3ee16b11b9d .av-subheading{\nfont-size:15px;\n}\n<\/style>\n<div  class='av-special-heading av-nio4sv-73577b4acbf85a30bd08a3ee16b11b9d av-special-heading-h1 custom-color-heading blockquote modern-quote modern-centered  avia-builder-el-1  el_before_av_hr  avia-builder-el-first  av-inherit-size'><h1 class='av-special-heading-tag'  itemprop=\"headline\"  >\u00bfQU\u00c9 PODEMOS HACER CON LA TECNOLOG\u00cdA NFC?<\/h1><div class=\"special-heading-border\"><div class=\"special-heading-inner-border\"><\/div><\/div><\/div>\n\n<style type=\"text\/css\" data-created_by=\"avia_inline_auto\" id=\"style-css-av-lt5id7x7-6b27b1cb1e649a58b908f5cd0f7d0028\">\n#top .hr.hr-invisible.av-lt5id7x7-6b27b1cb1e649a58b908f5cd0f7d0028{\nheight:30px;\n}\n<\/style>\n<div  class='hr av-lt5id7x7-6b27b1cb1e649a58b908f5cd0f7d0028 hr-invisible  avia-builder-el-2  el_after_av_heading  avia-builder-el-last '><span class='hr-inner '><span class=\"hr-inner-style\"><\/span><\/span><\/div>\n<\/div><\/div><\/main><!-- close content main element --><\/div><\/div><\/div><div id='after_section_1'  class='main_color av_default_container_wrap container_wrap fullsize'  ><div class='container av-section-cont-open' ><div class='template-page content  av-content-full alpha units'><div class='post-entry post-entry-type-page post-entry-1103'><div class='entry-content-wrapper clearfix'><div class='flex_column av-hk2833-eccbd66583cc928e87db60702463e617 av_one_third  avia-builder-el-3  el_after_av_section  el_before_av_two_third  avia-builder-el-first  first flex_column_div '   ><p>\n<style type=\"text\/css\" data-created_by=\"avia_inline_auto\" id=\"style-css-av-kzs6guk2-68c4c5061c017d3259ffcb70788f97e8\">\n#top .hr.hr-invisible.av-kzs6guk2-68c4c5061c017d3259ffcb70788f97e8{\nheight:40px;\n}\n<\/style>\n<div  class='hr av-kzs6guk2-68c4c5061c017d3259ffcb70788f97e8 hr-invisible  avia-builder-el-4  el_before_av_contact  avia-builder-el-first '><span class='hr-inner '><span class=\"hr-inner-style\"><\/span><\/span><\/div><br \/>\n<form action=\"https:\/\/abamobile.com\/web\/nfc-conoce-la-tecnologia-nfc\/\" method=\"post\"  class=\"avia_ajax_form av-form-labels-visible   avia-builder-el-5  el_after_av_hr  avia-builder-el-last   \" data-avia-form-id=\"1\" data-avia-redirect='' ><h3 class=''>\u00bfQuieres m\u00e1s informaci\u00f3n?<\/h3><fieldset><p class='  first_form  form_element form_fullwidth' id='element_avia_1_1'><label for=\"avia_1_1\">Nombre <abbr class=\"required\" title=\"requerido\">*<\/abbr><\/label> <input name=\"avia_1_1\" class=\"text_input is_empty\" type=\"text\" id=\"avia_1_1\" value=\"\" \/><\/p><p class='  first_form  form_element form_fullwidth' id='element_avia_2_1'><label for=\"avia_2_1\">Empresa <abbr class=\"required\" title=\"requerido\">*<\/abbr><\/label> <input name=\"avia_2_1\" class=\"text_input is_empty\" type=\"text\" id=\"avia_2_1\" value=\"\" \/><\/p><p class='  first_form  form_element form_fullwidth' id='element_avia_3_1'><label for=\"avia_3_1\">Tel\u00e9fono<\/label> <input name=\"avia_3_1\" class=\"text_input \" type=\"text\" id=\"avia_3_1\" value=\"\" \/><\/p><p class='  first_form  form_element form_fullwidth' id='element_avia_4_1'><label for=\"avia_4_1\">Correo electr\u00f3nico <abbr class=\"required\" title=\"requerido\">*<\/abbr><\/label> <input name=\"avia_4_1\" class=\"text_input is_email\" type=\"text\" id=\"avia_4_1\" value=\"\" \/><\/p><p class='  first_form  form_element form_fullwidth' id='element_avia_5_1'><label for=\"avia_5_1\" class=\"textare_label hidden textare_label_avia_5_1\">Mensaje <abbr class=\"required\" title=\"requerido\">*<\/abbr><\/label><textarea  name=\"avia_5_1\" class=\"text_area is_empty\" cols=\"40\" rows=\"7\" id=\"avia_5_1\" ><\/textarea><\/p><p class='  first_form  form_element form_fullwidth av-last-visible-form-element' id='element_avia_6_1'><input  name=\"avia_6_1\" class=\"input_checkbox is_empty\" type=\"checkbox\" id=\"avia_6_1\" value=\"true\"\/><label class=\"input_checkbox_label\" for=\"avia_6_1\">He le\u00eddo la <a href=\"https:\/\/abamobile.com\/web\/politica-de-privacidad\/\" target=\"_blank\" rel=\"noopener\">pol\u00edtica de privacidad<\/a>, y autorizo expresamente al tratamiento de mis datos por parte de ABAMOBILE SOLUTIONS, S.L <abbr class=\"required\" title=\"requerido\">*<\/abbr><\/label><\/p><p class=\"hidden\"><input type=\"text\" name=\"avia_7_1\" class=\"hidden \" id=\"avia_7_1\" value=\"\" \/><\/p><p class=\"form_element \"><input type=\"hidden\" value=\"1\" name=\"avia_generated_form1\" \/><input type=\"submit\" value=\"Enviar\" class=\"button\"  data-sending-label=\"Enviando\"\/><\/p><\/fieldset><\/form><div id=\"ajaxresponse_1\" class=\"ajaxresponse ajaxresponse_1 hidden\"><\/div><\/p><\/div><\/p>\n\n<style type=\"text\/css\" data-created_by=\"avia_inline_auto\" id=\"style-css-av-3jt5a7-44a3cbad8873cf38653617232c2ed24e\">\n.flex_column.av-3jt5a7-44a3cbad8873cf38653617232c2ed24e{\nborder-radius:0px 0px 0px 0px;\n-webkit-border-radius:0px 0px 0px 0px;\n-moz-border-radius:0px 0px 0px 0px;\n}\n<\/style>\n<div class='flex_column av-3jt5a7-44a3cbad8873cf38653617232c2ed24e av_two_third  avia-builder-el-6  el_after_av_one_third  avia-builder-el-last  flex_column_div av-zero-column-padding '   ><p>\n<style type=\"text\/css\" data-created_by=\"avia_inline_auto\" id=\"style-css-av-av_hr-65bd92347fddc685eba247be6d5a9a45\">\n#top .hr.hr-invisible.av-av_hr-65bd92347fddc685eba247be6d5a9a45{\nheight:40px;\n}\n<\/style>\n<div  class='hr av-av_hr-65bd92347fddc685eba247be6d5a9a45 hr-invisible  avia-builder-el-7  el_before_av_textblock  avia-builder-el-first '><span class='hr-inner '><span class=\"hr-inner-style\"><\/span><\/span><\/div><br \/>\n<section  class='av_textblock_section av-1xbitb-b9d1cfb489342865735b23c3add22c57'  itemscope=\"itemscope\" itemtype=\"https:\/\/schema.org\/CreativeWork\" ><div class='avia_textblock'  itemprop=\"text\" ><h2>\u00bfQu\u00e9 es la tecnolog\u00eda NFC?<\/h2>\n<p>NFC (Near Field Communication o comunicaci\u00f3n de campo cercano), es un <strong><span style=\"color: #333333;\">sistema simple, r\u00e1pido y seguro de comunicaci\u00f3n inal\u00e1mbrica<\/span><\/strong> de corto alcance entre dos dispositivos (10 cm.) que permite realizar transacciones sin contacto, compartir contenido digital y conectar los dispositivos con un simple toque entre ellos.<\/p>\n<p>Las ventajas del NFC comparado con otros sistemas, como el bluetooh o las redes Wi-Fi, son, entre otras, un <strong><span style=\"color: #333333;\">menor consumo de energ\u00eda<\/span><\/strong>, haciendo que podamos tenerlo permanentemente encendido sin que disminuya de una forma apreciable la duraci\u00f3n de la bater\u00eda, posibilidad de implementar una <strong><span style=\"color: #333333;\">mayor seguridad y la sencillez de uso y configuraci\u00f3n<\/span><\/strong>. De hecho, no hace falta configurar nada. Podemos olvidarnos de emparejar dispositivos o escribir complicadas contrase\u00f1as. Lo \u00fanico que necesitamos es acercar un dispositivo al otro, nada m\u00e1s.<\/p>\n<h3>Las tres funciones b\u00e1sicas de la tecnolog\u00eda NFC son compartir, emparejar y realizar transacciones<\/h3>\n<p><strong><span style=\"color: #333333;\">La realizaci\u00f3n de transacciones<\/span><\/strong> puede que sea la funci\u00f3n m\u00e1s pr\u00e1ctica y conocida de todas. Cualquier tel\u00e9fono m\u00f3vil con un chip NFC podr\u00eda ser f\u00e1cilmente configurable como una tarjeta de cr\u00e9dito o d\u00e9bito. Y, simplemente acercando nuestro tel\u00e9fono al lector adecuado, realizar el pago. Pero el NFC no se queda en un simple sustituto de una tarjeta de cr\u00e9dito. Con \u00e9l, se podr\u00edan sustituir todas esas tarjetas que engordan nuestras carteras hoy en d\u00eda, olvid\u00e1ndonos de bonos de autobus, carn\u00e9ts de biblioteca, tarjetas-llave de hoteles, tarjetas de fidelizaci\u00f3n de comercios&#8230; Incluso las llaves de casa son susceptibles de ser sustitu\u00eddas por los chips NFC de nuestro tel\u00e9fonos.<\/p>\n<p><strong><span style=\"color: #333333;\">Para emparejar dos dispositivos,<\/span><\/strong> lo \u00fanico que tendremos que hacer ser\u00e1 acercar el uno al otro para autom\u00e1ticamente configurar una conexi\u00f3n bluetooth o Wi-Fi o enviar un archivo entre ellos. Para emparejar dispositivos no hay necesidad de contrase\u00f1as, b\u00fasquedas de dispositivos o complicadas configuraciones.<\/p>\n<p>Por ejemplo, podemos acercar nuestro tel\u00e9fono a un router con NFC para conectarnos a \u00e9l, pudi\u00e9ndonos olvidarnos las rebuscadas contrase\u00f1as. Tambi\u00e9n podemos acercar nuestro tel\u00e9fono a un altavoz para que empiece a reproducir nuestra lista de canciones preferida. O acercarlo a una impresora para imprimir las fotos de nuestras \u00faltimas vacaciones.<\/p>\n<p>Por otra parte, la <strong><span style=\"color: #333333;\">tecnolog\u00eda NFC tambi\u00e9n nos permite compartir <\/span><\/strong>de forma sencilla. Si tenemos un tel\u00e9fono m\u00f3vil con un chip NFC, nos bastar\u00e1 con acercarlo a la etiqueta para realizar la acci\u00f3n grabada en ella. Adem\u00e1s, son dispositivos pasivos con lo que tienen un gasto energ\u00e9tico m\u00ednimo y no necesitan bater\u00eda, sino que usan la energ\u00eda radiada por el lector, como puede ser el tel\u00e9fono m\u00f3vil.<\/p>\n<h3>Ventajas del NFC en relaci\u00f3n con otros sistemas como el Bluetooth o las redes Wi-Fi, son:<\/h3>\n<ul>\n<li>Menor consumo de energ\u00eda, haciendo que podamos tenerlo permanentemente encendido sin que disminuya dr\u00e1sticamente la duraci\u00f3n de la bater\u00eda.<\/li>\n<li>Mayor seguridad.<\/li>\n<li>Sencillez de uso y configuraci\u00f3n.<\/li>\n<li>No necesitamos una aplicaci\u00f3n espec\u00edfica como ocurre en el caso de los C\u00f3digos QR. Para los cuales necesitamos una app concreta y lanzarla cada vez que queramos leer uno de los c\u00f3digos.<\/li>\n<\/ul>\n<p><strong>En ABAMobile hemos desarrollado ABA NFC<\/strong> con la que nosotros mismos podemos grabar en las etiquetas las acciones que queramos. Acciones como por ejemplo, abrir la p\u00e1gina web de nuestro negocio, conectar el Wi-Fi o abrir la aplicaci\u00f3n de navegaci\u00f3n cuando estemos en nuestro coche. Una vez grabada dicha acci\u00f3n y almacenada la informaci\u00f3n, cualquier persona podr\u00e1 acercar su tel\u00e9fono m\u00f3vil para realizarla. Adem\u00e1s, estas etiquetas son baratas y podemos comprarlas desde la p\u00e1gina web de nuestro partner.<\/p>\n<p>Estas son solo algunas de las muchas posibilidades y ventajas que ofrece el NFC. <strong><a href=\"https:\/\/abamobile.com\/web\/contacto\/\">Contacta con nosotros<\/a> si quieres conocer m\u00e1s acerca de esta tecnolog\u00eda<\/strong>.<\/p>\n<\/div><\/section><\/p><\/div>\n","protected":false},"excerpt":{"rendered":"","protected":false},"author":1,"featured_media":0,"parent":0,"menu_order":0,"comment_status":"closed","ping_status":"open","template":"","meta":{"footnotes":""},"class_list":["post-1103","page","type-page","status-publish","hentry"],"_links":{"self":[{"href":"https:\/\/abamobile.com\/web\/wp-json\/wp\/v2\/pages\/1103","targetHints":{"allow":["GET"]}}],"collection":[{"href":"https:\/\/abamobile.com\/web\/wp-json\/wp\/v2\/pages"}],"about":[{"href":"https:\/\/abamobile.com\/web\/wp-json\/wp\/v2\/types\/page"}],"author":[{"embeddable":true,"href":"https:\/\/abamobile.com\/web\/wp-json\/wp\/v2\/users\/1"}],"replies":[{"embeddable":true,"href":"https:\/\/abamobile.com\/web\/wp-json\/wp\/v2\/comments?post=1103"}],"version-history":[{"count":0,"href":"https:\/\/abamobile.com\/web\/wp-json\/wp\/v2\/pages\/1103\/revisions"}],"wp:attachment":[{"href":"https:\/\/abamobile.com\/web\/wp-json\/wp\/v2\/media?parent=1103"}],"curies":[{"name":"wp","href":"https:\/\/api.w.org\/{rel}","templated":true}]}}